{"id":12628,"date":"2026-03-25T11:44:24","date_gmt":"2026-03-25T11:44:24","guid":{"rendered":"https:\/\/hedwig-dohm-os.de\/01\/?page_id=12628"},"modified":"2026-03-25T13:20:53","modified_gmt":"2026-03-25T13:20:53","slug":"datenschutzerklaerung-2","status":"publish","type":"page","link":"https:\/\/hedwig-dohm-os.de\/01\/datenschutzerklaerung-2\/","title":{"rendered":"Datenschutzhinweise"},"content":{"rendered":"\n<h2 class=\"wp-block-heading\">Datenschutzhinweise f\u00fcr Sch\u00fclerinnen, Sch\u00fcler, Eltern und Sorgeberechtigte<\/h2>\n\n\n\n<h2 class=\"wp-block-heading\">1. Wer ist verantwortlich?<\/h2>\n\n\n\n<p>F\u00fcr die Ver\u00adar\u00adbei\u00adtung Ihrer Daten ist verantwortlich:<\/p>\n\n\n\n<p><strong>Hedwig-Dohm-Oberschule<\/strong><br>Ober\u00adschu\u00adle des Lan\u00addes Ber\u00adlin<br>Fr. Uhl\u00admann (Schul\u00adlei\u00adte\u00adrin)<br>Hr. Win\u00adter (stellv. Schulleiter)<\/p>\n\n\n\n<p>Ste\u00adphan\u00adstr. 27<br>10559 Ber\u00adlin<\/p>\n\n\n\n<p><strong>Tele\u00adfon<\/strong>: 03038377131<br><strong>Tele\u00adfax<\/strong>: 03038377130<br><strong>E\u2011Mail<\/strong>: 01k09@01k09.schule.berlin.de<\/p>\n\n\n\n<hr class=\"wp-block-separator aligncenter has-alpha-channel-opacity is-style-dots\">\n\n\n\n<h2 class=\"wp-block-heading\">2. An wen k\u00f6nnen Sie sich beim Datenschutz wenden?<\/h2>\n\n\n\n<p>Bei Fra\u00adgen zum Datenschutz k\u00f6n\u00adnen Sie sich wen\u00adden&nbsp;an:<\/p>\n\n\n\n<p><strong>Daten\u00adschutz\u00adbe\u00adauf\u00adtrag\u00adte der Schu\u00adle:<\/strong><br>Fr. Vet\u00adter<br>ariete.vetter@snbjf.berlin.de<\/p>\n\n\n\n<hr class=\"wp-block-separator aligncenter has-alpha-channel-opacity is-style-dots\">\n\n\n\n<h2 class=\"wp-block-heading\">3. Welche Daten verarbeiten wir?<\/h2>\n\n\n\n<p>Wir ver\u00adar\u00adbei\u00adten nur Daten, die wir f\u00fcr den Schul\u00adbe\u00adtrieb ben\u00f6\u00adti\u00adgen. Dazu geh\u00f6\u00adren insbesondere:<\/p>\n\n\n\n<ul class=\"wp-block-list\">\n<li>Name, Adres\u00adse und Geburts\u00adda\u00adtum der Sch\u00fc\u00adle\u00adrin \/ des Sch\u00fclers<\/li>\n\n\n\n<li>Kon\u00adtakt\u00adda\u00adten (Tele\u00adfon, E\u2011Mail)<\/li>\n\n\n\n<li>Anga\u00adben zu Eltern oder Erziehungsberechtigten<\/li>\n\n\n\n<li>Noten und Zeugnisse<\/li>\n\n\n\n<li>Fehl\u00adzei\u00adten und Versp\u00e4tungen<\/li>\n\n\n\n<li>ggf. beson\u00adde\u00adre p\u00e4d\u00adago\u00adgi\u00adsche Infor\u00adma\u00adtio\u00adnen (z. B. F\u00f6rderbedarf)<\/li>\n<\/ul>\n\n\n\n<hr class=\"wp-block-separator aligncenter has-alpha-channel-opacity is-style-dots\">\n\n\n\n<h2 class=\"wp-block-heading\">4. Warum verarbeiten wir diese&nbsp;Daten?<\/h2>\n\n\n\n<p>Wir ver\u00adar\u00adbei\u00adten Ihre Daten, um:<\/p>\n\n\n\n<ul class=\"wp-block-list\">\n<li>den Unter\u00adricht zu orga\u00adni\u00adsie\u00adren und durchzuf\u00fchren<\/li>\n\n\n\n<li>Leis\u00adtun\u00adgen zu bewerten<\/li>\n\n\n\n<li>Zeug\u00adnis\u00adse zu erstellen<\/li>\n\n\n\n<li>Sie \u00fcber schu\u00adli\u00adsche Ange\u00adle\u00adgen\u00adhei\u00adten zu informieren<\/li>\n\n\n\n<li>unse\u00adre gesetz\u00adli\u00adchen Auf\u00adga\u00adben als Schu\u00adle zu erf\u00fcllen<\/li>\n<\/ul>\n\n\n\n<hr class=\"wp-block-separator has-alpha-channel-opacity is-style-dots\">\n\n\n\n<h2 class=\"wp-block-heading\">5. Auf welcher Grundlage verarbeiten wir Ihre&nbsp;Daten?<\/h2>\n\n\n\n<p>Die Ver\u00adar\u00adbei\u00adtung Ihrer Daten erfolgt auf Grund\u00adla\u00adge&nbsp;von:<\/p>\n\n\n\n<ul class=\"wp-block-list\">\n<li>den gesetz\u00adli\u00adchen Vor\u00adga\u00adben des Lan\u00addes Ber\u00adlin (z. B. Schulgesetz)<\/li>\n\n\n\n<li>den Vor\u00adschrif\u00adten der Datenschutz-Grundverordnung (DSGVO)<\/li>\n<\/ul>\n\n\n\n<p>Die Schu\u00adle ist ver\u00adpflich\u00adtet, die\u00adse Daten zu verarbeiten.<\/p>\n\n\n\n<hr class=\"wp-block-separator aligncenter has-alpha-channel-opacity is-style-dots\">\n\n\n\n<h2 class=\"wp-block-heading\">6. Wer erh\u00e4lt Ihre&nbsp;Daten?<\/h2>\n\n\n\n<p>Ihre Daten wer\u00adden nur wei\u00adter\u00adge\u00adge\u00adben, wenn dies not\u00adwen\u00addig ist. Dies kann ins\u00adbe\u00adson\u00adde\u00adre erfol\u00adgen&nbsp;an:<\/p>\n\n\n\n<ul class=\"wp-block-list\">\n<li>ande\u00adre Schu\u00adlen (bei einem Schulwechsel)<\/li>\n\n\n\n<li>Schul\u00adbe\u00adh\u00f6r\u00adden des Lan\u00addes Berlin<\/li>\n\n\n\n<li>Pr\u00fc\u00adfungs\u00adstel\u00adlen<\/li>\n\n\n\n<li>ggf. wei\u00adte\u00adre \u00f6ffent\u00adli\u00adche Stel\u00adlen (z. B. Jugendamt)<\/li>\n<\/ul>\n\n\n\n<p>Eine Wei\u00adter\u00adga\u00adbe erfolgt <strong>nur im Rah\u00admen der gesetz\u00adli\u00adchen Vor\u00adschrif\u00adten<\/strong>.<\/p>\n\n\n\n<hr class=\"wp-block-separator aligncenter has-alpha-channel-opacity is-style-dots\">\n\n\n\n<h2 class=\"wp-block-heading\">7. Wie lange speichern wir Ihre&nbsp;Daten?<\/h2>\n\n\n\n<p>Ihre Daten wer\u00adden nur so lan\u00adge gespei\u00adchert, wie es not\u00adwen\u00addig&nbsp;ist.<\/p>\n\n\n\n<ul class=\"wp-block-list\">\n<li>Nach Ver\u00adlas\u00adsen der Schu\u00adle wer\u00adden vie\u00adle Daten gel\u00f6scht<\/li>\n\n\n\n<li>Eini\u00adge Daten m\u00fcs\u00adsen auf\u00adgrund gesetz\u00adli\u00adcher Vor\u00adga\u00adben l\u00e4n\u00adger auf\u00adbe\u00adwahrt werden<\/li>\n<\/ul>\n\n\n\n<hr class=\"wp-block-separator aligncenter has-alpha-channel-opacity is-style-dots\">\n\n\n\n<h2 class=\"wp-block-heading\">8. Welche Rechte haben&nbsp;Sie?<\/h2>\n\n\n\n<p>Sie haben fol\u00adgen\u00adde Rechte:<\/p>\n\n\n\n<ul class=\"wp-block-list\">\n<li><strong>Aus\u00adkunft:<\/strong> Sie k\u00f6n\u00adnen erfah\u00adren, wel\u00adche Daten wir gespei\u00adchert&nbsp;haben<\/li>\n\n\n\n<li><strong>Berich\u00adti\u00adgung:<\/strong> Fal\u00adsche Daten wer\u00adden korrigiert<\/li>\n\n\n\n<li><strong>L\u00f6schung:<\/strong> Sie k\u00f6n\u00adnen unter bestimm\u00adten Vor\u00adaus\u00adset\u00adzun\u00adgen die L\u00f6schung verlangen<\/li>\n\n\n\n<li><strong>Ein\u00adschr\u00e4n\u00adkung:<\/strong> Sie k\u00f6n\u00adnen die Ver\u00adar\u00adbei\u00adtung ein\u00adschr\u00e4n\u00adken lassen<\/li>\n\n\n\n<li><strong>Beschwer\u00adde:<\/strong> Sie k\u00f6n\u00adnen sich bei einer Daten\u00adschutz\u00adbe\u00adh\u00f6r\u00adde beschweren<\/li>\n<\/ul>\n\n\n\n<hr class=\"wp-block-separator aligncenter has-alpha-channel-opacity is-style-dots\">\n\n\n\n<h2 class=\"wp-block-heading\">9. Sind Sie verpflichtet, Daten anzugeben?<\/h2>\n\n\n\n<p>Ja. Die meis\u00adten Daten sind not\u00adwen\u00addig, damit die Schu\u00adle ihre Auf\u00adga\u00adben erf\u00fcl\u00adlen kann.<br>Ohne die\u00adse Daten ist ein Schul\u00adbe\u00adsuch in der Regel nicht m\u00f6glich.<\/p>\n\n\n\n<hr class=\"wp-block-separator has-alpha-channel-opacity is-style-dots\">\n\n\n\n<h2 class=\"wp-block-heading\">10. Findet eine automatische Entscheidung statt?<\/h2>\n\n\n\n<p>Nein.<br>Es wer\u00adden kei\u00adne Ent\u00adschei\u00addun\u00adgen aus\u00adschlie\u00df\u00adlich durch Com\u00adpu\u00adter getroffen.<\/p>\n\n\n\n<hr class=\"wp-block-separator aligncenter has-alpha-channel-opacity is-style-dots\">\n\n\n\n<h2 class=\"wp-block-heading\">11. Wo k\u00f6nnen Sie sich beschweren?<\/h2>\n\n\n\n<p>Sie haben das Recht, sich bei einer Daten\u00adschutz\u00adauf\u00adsichts\u00adbe\u00adh\u00f6r\u00adde zu beschweren:<\/p>\n\n\n\n<p><strong>Ber\u00adli\u00adner Beauf\u00adtrag\u00adte f\u00fcr Datenschutz und Informationsfreiheit<\/strong><\/p>\n\n\n\n<div style=\"height:100px\" aria-hidden=\"true\" class=\"wp-block-spacer\"><\/div>\n\n\n\n<div data-wp-context=\"{ &quot;autoclose&quot;: false, &quot;accordionItems&quot;: [] }\" data-wp-interactive=\"core\/accordion\" role=\"group\" class=\"wp-block-accordion blue-message is-layout-flow wp-block-accordion-is-layout-flow\">\n<div data-wp-class--is-open=\"state.isOpen\" data-wp-context=\"{ &quot;id&quot;: &quot;accordion-item-1&quot;, &quot;openByDefault&quot;: false }\" data-wp-init=\"callbacks.initAccordionItems\" data-wp-on-window--hashchange=\"callbacks.hashChange\" class=\"wp-block-accordion-item is-layout-flow wp-block-accordion-item-is-layout-flow\">\n<h3 class=\"wp-block-accordion-heading advgb-dyn-b9b898ba\"><button aria-expanded=\"false\" aria-controls=\"accordion-item-1-panel\" data-wp-bind--aria-expanded=\"state.isOpen\" data-wp-on--click=\"actions.toggle\" data-wp-on--keydown=\"actions.handleKeyDown\" id=\"accordion-item-1\" type=\"button\" class=\"wp-block-accordion-heading__toggle\"><span class=\"wp-block-accordion-heading__toggle-title\">Erg\u00e4nzung: Digitale Systeme der Schule<\/span><span class=\"wp-block-accordion-heading__toggle-icon\" aria-hidden=\"true\">+<\/span><\/button><\/h3>\n\n\n\n<div inert aria-labelledby=\"accordion-item-1\" data-wp-bind--inert=\"!state.isOpen\" id=\"accordion-item-1-panel\" role=\"region\" class=\"wp-block-accordion-panel is-layout-flow wp-block-accordion-panel-is-layout-flow\">\n<h3 class=\"wp-block-heading\">Nutzung digitaler Systeme<\/h3>\n\n\n\n<p>An unse\u00adrer Schu\u00adle wer\u00adden digi\u00adta\u00adle Sys\u00adte\u00adme ein\u00adge\u00adsetzt, um den Schul\u00adall\u00adtag zu orga\u00adni\u00adsie\u00adren und die Kom\u00admu\u00adni\u00adka\u00adti\u00adon zu erleichtern.<\/p>\n\n\n\n<p>Dazu geh\u00f6\u00adren insbesondere:<\/p>\n\n\n\n<ul class=\"wp-block-list\">\n<li><strong>WebUn\u00adtis<\/strong> (z. B. Stun\u00adden\u00adplan, Fehlzeitenverwaltung)<\/li>\n\n\n\n<li><strong>schul.cloud<\/strong> (z. B. Kom\u00admu\u00adni\u00adka\u00adti\u00adon zwi\u00adschen Schu\u00adle, Sch\u00fc\u00adle\u00adrin\u00adnen und Sch\u00fc\u00adlern sowie Eltern)<\/li>\n<\/ul>\n\n\n\n<hr class=\"wp-block-separator has-alpha-channel-opacity\">\n\n\n\n<h3 class=\"wp-block-heading\">Welche Daten werden verarbeitet?<\/h3>\n\n\n\n<p>Im Rah\u00admen der Nut\u00adzung die\u00adser Sys\u00adte\u00adme wer\u00adden ins\u00adbe\u00adson\u00adde\u00adre fol\u00adgen\u00adde Daten verarbeitet:<\/p>\n\n\n\n<ul class=\"wp-block-list\">\n<li>Name der Sch\u00fc\u00adle\u00adrin \/ des Sch\u00fclers<\/li>\n\n\n\n<li>Klas\u00adsen\u00adzu\u00adge\u00adh\u00f6\u00adrig\u00adkeit<\/li>\n\n\n\n<li>Stun\u00adden\u00adp\u00adlan\u00adda\u00adten<\/li>\n\n\n\n<li>Fehl\u00adzei\u00adten<\/li>\n\n\n\n<li>Kom\u00admu\u00adni\u00adka\u00adti\u00adons\u00adin\u00adhal\u00adte (bei schul.cloud)<\/li>\n<\/ul>\n\n\n\n<hr class=\"wp-block-separator has-alpha-channel-opacity\">\n\n\n\n<h3 class=\"wp-block-heading\">Zweck der Verarbeitung<\/h3>\n\n\n\n<p>Die Ver\u00adar\u00adbei\u00adtung erfolgt, um:<\/p>\n\n\n\n<ul class=\"wp-block-list\">\n<li>den Schul\u00adall\u00adtag zu organisieren<\/li>\n\n\n\n<li>Stun\u00adden\u00adpl\u00e4\u00adne bereitzustellen<\/li>\n\n\n\n<li>Fehl\u00adzei\u00adten zu dokumentieren<\/li>\n\n\n\n<li>die schu\u00adli\u00adsche Kom\u00admu\u00adni\u00adka\u00adti\u00adon zu erm\u00f6glichen<\/li>\n<\/ul>\n\n\n\n<hr class=\"wp-block-separator has-alpha-channel-opacity\">\n\n\n\n<h3 class=\"wp-block-heading\">Rechtsgrundlage<\/h3>\n\n\n\n<p>Die Nut\u00adzung die\u00adser Sys\u00adte\u00adme erfolgt <strong>auf Grund\u00adla\u00adge einer Ein\u00adwil\u00adli\u00adgung<\/strong>, die im Rah\u00admen der Schul\u00adan\u00admel\u00addung erteilt wird.<\/p>\n\n\n\n<hr class=\"wp-block-separator has-alpha-channel-opacity\">\n\n\n\n<h3 class=\"wp-block-heading\">Hinweis zur Freiwilligkeit<\/h3>\n\n\n\n<p>Die Nut\u00adzung die\u00adser Sys\u00adte\u00adme ist frei\u00adwil\u00adlig.<br>Es ent\u00adste\u00adhen kei\u00adne Nach\u00adtei\u00adle, wenn kei\u00adne Ein\u00adwil\u00adli\u00adgung erteilt wird.<br>In die\u00adsem Fall wer\u00adden alter\u00adna\u00adti\u00adve Kom\u00admu\u00adni\u00adka\u00adti\u00adons\u00adwe\u00adge genutzt.<\/p>\n\n\n\n<hr class=\"wp-block-separator has-alpha-channel-opacity\">\n\n\n\n<hr class=\"wp-block-separator has-alpha-channel-opacity\">\n<\/div>\n<\/div>\n<\/div>\n\n\n\n<div data-wp-context=\"{ &quot;autoclose&quot;: false, &quot;accordionItems&quot;: [] }\" data-wp-interactive=\"core\/accordion\" role=\"group\" class=\"wp-block-accordion animated backInDown blue-message is-layout-flow wp-block-accordion-is-layout-flow\">\n<div data-wp-class--is-open=\"state.isOpen\" data-wp-context=\"{ &quot;id&quot;: &quot;accordion-item-2&quot;, &quot;openByDefault&quot;: false }\" data-wp-init=\"callbacks.initAccordionItems\" data-wp-on-window--hashchange=\"callbacks.hashChange\" class=\"wp-block-accordion-item is-layout-flow wp-block-accordion-item-is-layout-flow\">\n<h3 class=\"wp-block-accordion-heading advgb-dyn-899d2484\"><button aria-expanded=\"false\" aria-controls=\"accordion-item-2-panel\" data-wp-bind--aria-expanded=\"state.isOpen\" data-wp-on--click=\"actions.toggle\" data-wp-on--keydown=\"actions.handleKeyDown\" id=\"accordion-item-2\" type=\"button\" class=\"wp-block-accordion-heading__toggle\"><span class=\"wp-block-accordion-heading__toggle-title\">Erg\u00e4nzung: Verwendung von Fotos<\/span><span class=\"wp-block-accordion-heading__toggle-icon\" aria-hidden=\"true\">+<\/span><\/button><\/h3>\n\n\n\n<div inert aria-labelledby=\"accordion-item-2\" data-wp-bind--inert=\"!state.isOpen\" id=\"accordion-item-2-panel\" role=\"region\" class=\"wp-block-accordion-panel is-layout-flow wp-block-accordion-panel-is-layout-flow\">\n<hr class=\"wp-block-separator aligncenter has-alpha-channel-opacity is-style-dots\">\n\n\n\n<h3 class=\"wp-block-heading\">Anfertigung und Verwendung von&nbsp;Fotos<\/h3>\n\n\n\n<p>Im Rah\u00admen des Schul\u00adle\u00adbens wer\u00adden gele\u00adgent\u00adlich Fotos von Ver\u00adan\u00adstal\u00adtun\u00adgen (z. B. Pro\u00adjekt\u00adta\u00adge, Aus\u00adfl\u00fc\u00adge, schu\u00adli\u00adsche Akti\u00advi\u00adt\u00e4\u00adten) erstellt.<\/p>\n\n\n\n<p>Die\u00adse k\u00f6n\u00adnen ver\u00adwen\u00addet wer\u00adden&nbsp;f\u00fcr:<\/p>\n\n\n\n<ul class=\"wp-block-list\">\n<li>die Schul\u00adweb\u00adsite<\/li>\n\n\n\n<li>Infor\u00adma\u00adti\u00adons\u00adma\u00adte\u00adria\u00adli\u00aden der Schu\u00adle (z. B. Bro\u00adsch\u00fc\u00adren,&nbsp;Flyer)<\/li>\n\n\n\n<li>Pr\u00e4\u00adsen\u00adta\u00adtio\u00adnen der Schule<\/li>\n<\/ul>\n\n\n\n<hr class=\"wp-block-separator aligncenter has-alpha-channel-opacity is-style-dots\">\n\n\n\n<h3 class=\"wp-block-heading\">Welche Daten sind betroffen?<\/h3>\n\n\n\n<p>Dabei han\u00addelt es sich um Fotos, auf denen Sch\u00fc\u00adle\u00adrin\u00adnen und Sch\u00fc\u00adler erkenn\u00adbar sein k\u00f6nnen.<\/p>\n\n\n\n<hr class=\"wp-block-separator aligncenter has-alpha-channel-opacity is-style-dots\">\n\n\n\n<h3 class=\"wp-block-heading\">Zweck der Verarbeitung<\/h3>\n\n\n\n<p>Die Fotos die\u00adnen der Dar\u00adstel\u00adlung des Schul\u00adle\u00adbens und der \u00d6ffent\u00adlich\u00adkeits\u00adar\u00adbeit der Schule.<\/p>\n\n\n\n<hr class=\"wp-block-separator aligncenter has-alpha-channel-opacity is-style-dots\">\n\n\n\n<h3 class=\"wp-block-heading\">Rechtsgrundlage<\/h3>\n\n\n\n<p>Die Ver\u00adar\u00adbei\u00adtung erfolgt <strong>auf Grund\u00adla\u00adge einer Ein\u00adwil\u00adli\u00adgung<\/strong>, die bei der Schul\u00adan\u00admel\u00addung ein\u00adge\u00adholt&nbsp;wird.<\/p>\n\n\n\n<hr class=\"wp-block-separator aligncenter has-alpha-channel-opacity is-style-dots\">\n\n\n\n<h3 class=\"wp-block-heading\">Wichtiger Hinweis zur Ver\u00f6ffentlichung im Internet<\/h3>\n\n\n\n<p>Bei einer Ver\u00ad\u00f6f\u00adfent\u00adli\u00adchung im Internet:<\/p>\n\n\n\n<ul class=\"wp-block-list\">\n<li>sind die Fotos welt\u00adweit abrufbar<\/li>\n\n\n\n<li>k\u00f6n\u00adnen sie gespei\u00adchert und wei\u00adter\u00adver\u00adbrei\u00adtet werden<\/li>\n\n\n\n<li>hat die Schu\u00adle kei\u00adnen voll\u00adst\u00e4n\u00addi\u00adgen Ein\u00adfluss auf die wei\u00adte\u00adre Nutzung<\/li>\n<\/ul>\n\n\n\n<hr class=\"wp-block-separator aligncenter has-alpha-channel-opacity is-style-dots\">\n\n\n\n<h3 class=\"wp-block-heading\">Widerruf der Einwilligung<\/h3>\n\n\n\n<p>Eine erteil\u00adte Ein\u00adwil\u00adli\u00adgung kann jeder\u00adzeit wider\u00adru\u00adfen wer\u00adden.<br>Ab die\u00adsem Zeit\u00adpunkt wer\u00adden kei\u00adne neu\u00aden Ver\u00ad\u00f6f\u00adfent\u00adli\u00adchun\u00adgen mehr vorgenommen.<\/p>\n<\/div>\n<\/div>\n<\/div>\n\n\n\n<p><\/p>\n","protected":false},"excerpt":{"rendered":"<p>Daten\u00adschutz\u00adhin\u00adwei\u00adse f\u00fcr Sch\u00fc\u00adle\u00adrin\u00adnen, Sch\u00fc\u00adler, Eltern und Sor\u00adge\u00adbe\u00adrech\u00adtig\u00adte 1. Wer ist ver\u00adant\u00adwort\u00adlich? F\u00fcr die Ver\u00adar\u00adbei\u00adtung Ihrer Daten ist ver\u00adant\u00adwort\u00adlich: Hedwig-Dohm-OberschuleOber\u00adschu\u00adle des Lan\u00addes Ber\u00adlinFr. Uhl\u00admann (Schul\u00adlei\u00adte\u00adrin)Hr. Win\u00adter (stellv. Schul\u00adlei\u00adter) Ste\u00adphan\u00adstr. 2710559 Ber\u00adlin Tele\u00adfon: 03038377131Tele\u00adfax: 03038377130E\u2011Mail: 01k09@01k09.schule.berlin.de 2. An wen k\u00f6n\u00adnen Sie sich beim Datenschutz wen\u00adden? Bei Fra\u00adgen zum Datenschutz k\u00f6n\u00adnen Sie sich wen\u00adden&nbsp;an: Daten\u00adschutz\u00adbe\u00adauf\u00adtrag\u00adte der Schu\u00adle:Fr. Vet\u00adterariete.vetter@snbjf.berlin.de<\/p>\n<p class=\"text-right\"><span class=\"screen-reader-text\">Wei\u00adter\u00adle\u00adsen \u2026 Daten\u00adschutz\u00adhin\u00adwei\u00adse<\/span><a class=\"btn btn-secondary continue-reading\" href=\"https:\/\/hedwig-dohm-os.de\/01\/datenschutzerklaerung-2\/\">Wei\u00adter\u00adle\u00adsen \u2026<\/a><\/p>\n","protected":false},"author":1,"featured_media":0,"parent":0,"menu_order":0,"comment_status":"closed","ping_status":"closed","template":"","meta":{"inline_featured_image":false,"wp_typography_post_enhancements_disabled":false,"advgb_blocks_editor_width":"","advgb_blocks_columns_visual_guide":"","footnotes":""},"class_list":["post-12628","page","type-page","status-publish","hentry"],"coauthors":[],"author_meta":{"author_link":"https:\/\/hedwig-dohm-os.de\/01\/author\/angelimudra\/","display_name":"admin"},"relative_dates":{"created":"Ver\u00f6ffentlicht 2\u00a0Monaten vor","modified":"Aktualisiert 2\u00a0Monaten vor"},"absolute_dates":{"created":"Ver\u00f6ffentlicht am 25. M\u00e4rz 2026","modified":"Aktualisiert am 25. M\u00e4rz 2026"},"absolute_dates_time":{"created":"Ver\u00f6ffentlicht am 25. M\u00e4rz 2026 11:44","modified":"Aktualisiert am 25. M\u00e4rz 2026 13:20"},"featured_img_caption":"","featured_img":false,"series_order":"","_links":{"self":[{"href":"https:\/\/hedwig-dohm-os.de\/01\/wp-json\/wp\/v2\/pages\/12628","targetHints":{"allow":["GET"]}}],"collection":[{"href":"https:\/\/hedwig-dohm-os.de\/01\/wp-json\/wp\/v2\/pages"}],"about":[{"href":"https:\/\/hedwig-dohm-os.de\/01\/wp-json\/wp\/v2\/types\/page"}],"author":[{"embeddable":true,"href":"https:\/\/hedwig-dohm-os.de\/01\/wp-json\/wp\/v2\/users\/1"}],"replies":[{"embeddable":true,"href":"https:\/\/hedwig-dohm-os.de\/01\/wp-json\/wp\/v2\/comments?post=12628"}],"version-history":[{"count":17,"href":"https:\/\/hedwig-dohm-os.de\/01\/wp-json\/wp\/v2\/pages\/12628\/revisions"}],"predecessor-version":[{"id":12659,"href":"https:\/\/hedwig-dohm-os.de\/01\/wp-json\/wp\/v2\/pages\/12628\/revisions\/12659"}],"wp:attachment":[{"href":"https:\/\/hedwig-dohm-os.de\/01\/wp-json\/wp\/v2\/media?parent=12628"}],"curies":[{"name":"wp","href":"https:\/\/api.w.org\/{rel}","templated":true}]}}